{"id":527,"date":"2024-06-03T13:53:40","date_gmt":"2024-06-03T13:53:40","guid":{"rendered":"https:\/\/augustadamare.com\/index.php\/chi-siamo-copy\/"},"modified":"2024-06-10T15:10:14","modified_gmt":"2024-06-10T15:10:14","slug":"chi-siamo","status":"publish","type":"page","link":"https:\/\/augustadamare.com\/index.php\/chi-siamo\/","title":{"rendered":"Chi Siamo"},"content":{"rendered":"<!--themify_builder_content-->\n<div id=\"themify_builder_content-527\" data-postid=\"527\" class=\"themify_builder_content themify_builder_content-527 themify_builder tf_clear\">\n                    <div  data-lazy=\"1\" class=\"module_row themify_builder_row tb_k64r335 tb_first tf_w\">\n            <span class=\"builder_row_cover tf_abs\"><\/span>            <div class=\"row_inner col_align_top tb_col_count_1 tf_box tf_rel\">\n                        <div  data-lazy=\"1\" class=\"module_column tb-column col-full tb_fy6r539 first\">\n                    <!-- module text -->\n<div  class=\"module module-text tb_vsw5305   \" data-lazy=\"1\">\n        <div  class=\"tb_text_wrap\">\n        <h1>Chi Siamo<\/h1>    <\/div>\n<\/div>\n<!-- \/module text -->        <\/div>\n                        <\/div>\n        <\/div>\n                        <div  data-lazy=\"1\" class=\"module_row themify_builder_row tb_bs4d800 tf_w\">\n                        <div class=\"row_inner col_align_middle tb_col_count_2 tf_box tf_rel\">\n                        <div  data-lazy=\"1\" class=\"module_column tb-column col4-2 tb_703g599 first\">\n                    <!-- module text -->\n<div  class=\"module module-text tb_pn2k355   \" data-lazy=\"1\">\n        <div  class=\"tb_text_wrap\">\n        <h2>Chi sono&#8230;<\/h2>    <\/div>\n<\/div>\n<!-- \/module text --><!-- module text -->\n<div  class=\"module module-text tb_6ui8540   \" data-lazy=\"1\">\n        <div  class=\"tb_text_wrap\">\n        <p class=\"font8\" style=\"text-align: justify;\"><span style=\"font-size: 13.5pt;\">Ciao, sono Angela &#8230;. Benvenut*\u00a0<\/span><\/p>\n<p class=\"font8\" style=\"text-align: justify;\"><span style=\"font-size: 13.5pt;\">Desidero invitarti a visitare quest&#8217;angolo di Sicilia Orientale facendo tappa qui ad Augusta, localit\u00e0 strategica per la sua posizione nel cuore delle province di Catania e Siracusa.<br>Il suo nome esprime l&#8217;importanza che ha avuto nei secoli.<br>Oggi ci \u00e8 facile coniugare bellezze da vedere, tranquillit\u00e0, qualit\u00e0 dei servizi e giusto prezzo!<\/span><\/p>\n<p class=\"font8\" style=\"text-align: justify;\"><span style=\"font-size: 13.5pt;\">E&#8217; nostro intento proporti delle idee per scoprire una Sicilia Orientale nuova, per rendere piacevole la tua vacanza\u00a0 e dare senso anche ai momenti di relax&#8230;<\/span><\/p>\n<p class=\"font8\" style=\"text-align: justify;\"><span class=\"wixguard\"><span style=\"font-size: 13.5pt;\">\u200b<\/span><\/span><span style=\"font-size: 13.5pt;\">La nostra Italia \u00e8 bella e meravigliosamente ricca ed in particolare ogni angolo della Sicilia Orientale racchiude tesori\u00a0 da scoprire.<\/span><\/p>\n<p class=\"font8\" style=\"text-align: justify;\"><span style=\"font-size: 13.5pt;\">Qui la natura molto generosa, la travagliata storia umana\u00a0 con il succedersi di diverse dominazioni e\u00a0 la maestria degli artigiani hanno lasciato opere e beni di incommensurabile valore e bellezza.<\/span><\/p>\n<p class=\"font8\" style=\"text-align: justify;\"><span style=\"font-size: 13.5pt;\">Potrai alternare la visita ai siti storici, architettonici e monumentali con passeggiate naturalistiche rilassanti ed attivit\u00e0 varie di puro divertimento.<\/span><\/p>\n<p class=\"font8\" style=\"text-align: justify;\"><span style=\"font-size: 13.5pt;\">Pernottando nelle nostre\u00a0 strutture convenzionate sarai vicino a rinomati siti turistici ma potrai anche godere, nei momenti di relax, di localit\u00e0 balneari bellissime, di varie proposte culinarie e\u00a0 di svago.<\/span><\/p>\n<p class=\"font8\" style=\"text-align: justify;\"><span style=\"font-size: 13.5pt;\">\u00a0<\/span><span style=\"font-size: 13.5pt;\">Sono semplicemente una viaggiatrice come te, desiderosa di condividere la bellezza e ricchezza del luogo in cui vivo. Sono inoltre una sognatrice perch\u00e9 spero che la mia Sicilia esprima sempre pi\u00f9 il suo meglio, mostri ogni suo angolo bello ai tanti turisti che la sceglieranno.<\/span><\/p>\n<p class=\"font8\" style=\"text-align: justify;\"><span style=\"font-size: 13.5pt;\">Vorrei donarti una vacanza indimenticabile\u00a0 valorizzando tutto ci\u00f2 che il territorio propone.<\/span><\/p>\n<p class=\"font8\" style=\"text-align: justify;\"><span style=\"font-size: 13.5pt;\">Il Portale ti offre tante informazioni per un semplice fai da te.<\/span><\/p>\n<p class=\"font8\" style=\"text-align: justify;\"><span style=\"font-size: 13.5pt;\">Puoi anche contattarmi: \u00a0sar\u00f2 lieta di indicarti, suggerirti e se vuoi guidarti per scoprire il meglio che la Sicilia Orientale dona!\u00a0<\/span><\/p>\n<p class=\"font8\" style=\"text-align: justify;\"><span style=\"font-size: 13.5pt;\">Angela<\/span><\/p>    <\/div>\n<\/div>\n<!-- \/module text --><!-- module buttons -->\n<div  class=\"module module-buttons tb_yvrs759 buttons-horizontal solid  large squared\" data-lazy=\"1\">\n        <div class=\"module-buttons-item tf_in_flx\">\n                        <a href=\"https:\/\/augustadamare.com\/index.php\/contatti\/\" class=\"ui builder_button tf_in_flx green\" >\n                                                Contattami                                        <\/a>\n                <\/div>\n            <\/div>\n<!-- \/module buttons -->\n        <\/div>\n                    <div  data-lazy=\"1\" class=\"module_column tb-column col4-2 tb_6zds006 last\">\n                    <!-- module image -->\n<div  class=\"module module-image tb_7h0j309 image-top   tf_mw\" data-lazy=\"1\">\n        <div class=\"image-wrap tf_rel tf_mw\">\n            <a href=\"https:\/\/augustadamare.com\/wp-content\/uploads\/2023\/11\/chi-siamo.jpg\" class=\"lightbox-builder themify_lightbox\">\n                                   <span class=\"zoom\">\n                <svg  aria-label=\"Open\" class=\"tf_fa tf-ti-search\" role=\"img\"><use href=\"#tf-ti-search\"><\/use><\/svg>            <\/span>\n                    <img loading=\"lazy\" decoding=\"async\" src=\"https:\/\/augustadamare.com\/wp-content\/uploads\/2023\/11\/chi-siamo-473x1024-500x1082.jpg\" width=\"500\" height=\"1082\" class=\"wp-post-image wp-image-400\" title=\"chi-siamo\" alt=\"chi-siamo\" srcset=\"https:\/\/augustadamare.com\/wp-content\/uploads\/2023\/11\/chi-siamo-473x1024-500x1082.jpg 500w, https:\/\/augustadamare.com\/wp-content\/uploads\/2023\/11\/chi-siamo-139x300.jpg 139w, https:\/\/augustadamare.com\/wp-content\/uploads\/2023\/11\/chi-siamo-473x1024.jpg 473w, https:\/\/augustadamare.com\/wp-content\/uploads\/2023\/11\/chi-siamo-768x1662.jpg 768w, https:\/\/augustadamare.com\/wp-content\/uploads\/2023\/11\/chi-siamo-710x1536.jpg 710w, https:\/\/augustadamare.com\/wp-content\/uploads\/2023\/11\/chi-siamo.jpg 924w\" sizes=\"auto, (max-width: 500px) 100vw, 500px\" \/>        <\/a>\n    \n        <\/div>\n    <!-- \/image-wrap -->\n    \n        <\/div>\n<!-- \/module image -->        <\/div>\n                        <\/div>\n        <\/div>\n                        <div  data-css_id=\"aqmu459\" data-lazy=\"1\" class=\"module_row themify_builder_row fullwidth tb_aqmu459 tf_w\">\n                        <div class=\"row_inner col_align_top tb_col_count_1 tf_box tf_rel\">\n                        <div  data-lazy=\"1\" class=\"module_column tb-column col-full tb_iaxf505 first\">\n                    <!-- module template_part -->\n<div  class=\"module module-layout-part tb_qrko337 \">\n    <div class=\"tb_layout_part_wrap tf_w\"><!--themify_builder_content-->\n    <div  class=\"themify_builder_content themify_builder_content-329 themify_builder not_editable_builder in_the_loop\" data-postid=\"329\">\n                        <div  data-anchor=\"villa-gisira\" data-lazy=\"1\" class=\"module_row themify_builder_row tb_has_section tb_section-villa-gisira tb_fjuk926 tf_w\">\n            <span class=\"builder_row_cover tf_abs\"><\/span>            <div class=\"row_inner col_align_middle tb_col_count_2 tf_box tf_rel\">\n                        <div  data-lazy=\"1\" class=\"module_column tb-column col4-2 tb_hhkf926 first\">\n                    <!-- module text -->\n<div  class=\"module module-text tb_e0ki926   \" data-lazy=\"1\">\n        <div  class=\"tb_text_wrap\">\n        <h3>Partner Consigliato<\/h3>\n<h2 style=\"text-align: left;\">Villa Gisira Luxury SPA<\/h2>\n<p>Situata all\u2019interno del complesso Gisira, a circa 1,5 km dal centro dell\u2019antico borgo marinaro di Brucoli, offre una piscina all\u2019aperto con acqua salata e una vasca idromassaggio, immerse in un giardino privato.<\/p>    <\/div>\n<\/div>\n<!-- \/module text -->        <\/div>\n                    <div  data-lazy=\"1\" class=\"module_column tb-column col4-2 tb_i6mq926 last\">\n                    <!-- module buttons -->\n<div  class=\"module module-buttons tb_5aew926 buttons-horizontal solid  xlarge circle\" data-lazy=\"1\">\n        <div class=\"module-buttons-item tf_in_flx\">\n                        <a href=\"https:\/\/villagisira.com\/luxury-spa\/welcome\" class=\"ui builder_button tf_in_flx tb_default_color\" >\n                                                Scopri Villa Gisira                                        <\/a>\n                <\/div>\n            <\/div>\n<!-- \/module buttons -->\n<!-- module plain text -->\n<div  class=\"module module-plain-text tb_25m9926 \" data-lazy=\"1\">\n        <div class=\"tb_text_wrap\">\n        <\/div>\n<\/div>\n<!-- \/module plain text -->        <\/div>\n                        <\/div>\n        <\/div>\n            <\/div>\n<!--\/themify_builder_content--><\/div>\n<\/div>\n<!-- \/module template_part -->        <\/div>\n                        <\/div>\n        <\/div>\n                        <div  data-lazy=\"1\" class=\"module_row themify_builder_row tb_r0sp811 tf_w\">\n                        <div class=\"row_inner col_align_top tb_col_count_1 tf_box tf_rel\">\n                        <div  data-lazy=\"1\" class=\"module_column tb-column col-full tb_ds8o812 first\">\n                            <\/div>\n                        <\/div>\n        <\/div>\n        <\/div>\n<!--\/themify_builder_content-->\n\n\n<p><\/p>","protected":false},"excerpt":{"rendered":"","protected":false},"author":2,"featured_media":0,"parent":0,"menu_order":0,"comment_status":"closed","ping_status":"closed","template":"","meta":{"footnotes":""},"class_list":["post-527","page","type-page","status-publish","hentry","has-post-title","has-post-date","has-post-category","has-post-tag","has-post-comment","has-post-author",""],"builder_content":"<h1>Chi Siamo<\/h1>\n<h2>Chi sono...<\/h2>\n<p style=\"text-align: justify;\">Ciao, sono Angela .... Benvenut*\u00a0<\/p> <p style=\"text-align: justify;\">Desidero invitarti a visitare quest'angolo di Sicilia Orientale facendo tappa qui ad Augusta, localit\u00e0 strategica per la sua posizione nel cuore delle province di Catania e Siracusa.<br>Il suo nome esprime l'importanza che ha avuto nei secoli.<br>Oggi ci \u00e8 facile coniugare bellezze da vedere, tranquillit\u00e0, qualit\u00e0 dei servizi e giusto prezzo!<\/p> <p style=\"text-align: justify;\">E' nostro intento proporti delle idee per scoprire una Sicilia Orientale nuova, per rendere piacevole la tua vacanza\u00a0 e dare senso anche ai momenti di relax...<\/p> <p style=\"text-align: justify;\">\u200bLa nostra Italia \u00e8 bella e meravigliosamente ricca ed in particolare ogni angolo della Sicilia Orientale racchiude tesori\u00a0 da scoprire.<\/p> <p style=\"text-align: justify;\">Qui la natura molto generosa, la travagliata storia umana\u00a0 con il succedersi di diverse dominazioni e\u00a0 la maestria degli artigiani hanno lasciato opere e beni di incommensurabile valore e bellezza.<\/p> <p style=\"text-align: justify;\">Potrai alternare la visita ai siti storici, architettonici e monumentali con passeggiate naturalistiche rilassanti ed attivit\u00e0 varie di puro divertimento.<\/p> <p style=\"text-align: justify;\">Pernottando nelle nostre\u00a0 strutture convenzionate sarai vicino a rinomati siti turistici ma potrai anche godere, nei momenti di relax, di localit\u00e0 balneari bellissime, di varie proposte culinarie e\u00a0 di svago.<\/p> <p style=\"text-align: justify;\">\u00a0Sono semplicemente una viaggiatrice come te, desiderosa di condividere la bellezza e ricchezza del luogo in cui vivo. Sono inoltre una sognatrice perch\u00e9 spero che la mia Sicilia esprima sempre pi\u00f9 il suo meglio, mostri ogni suo angolo bello ai tanti turisti che la sceglieranno.<\/p> <p style=\"text-align: justify;\">Vorrei donarti una vacanza indimenticabile\u00a0 valorizzando tutto ci\u00f2 che il territorio propone.<\/p> <p style=\"text-align: justify;\">Il Portale ti offre tante informazioni per un semplice fai da te.<\/p> <p style=\"text-align: justify;\">Puoi anche contattarmi: \u00a0sar\u00f2 lieta di indicarti, suggerirti e se vuoi guidarti per scoprire il meglio che la Sicilia Orientale dona!\u00a0<\/p> <p style=\"text-align: justify;\">Angela<\/p>\n<a href=\"https:\/\/augustadamare.com\/index.php\/contatti\/\" > Contattami <\/a>\n<a href=\"https:\/\/augustadamare.com\/wp-content\/uploads\/2023\/11\/chi-siamo.jpg\"> <svg aria-label=\"Open\" role=\"img\"><use href=\"#tf-ti-search\"><\/use><\/svg> <img src=\"https:\/\/augustadamare.com\/wp-content\/uploads\/2023\/11\/chi-siamo-473x1024-500x1082.jpg\" width=\"500\" height=\"1082\" title=\"chi-siamo\" alt=\"chi-siamo\" srcset=\"https:\/\/augustadamare.com\/wp-content\/uploads\/2023\/11\/chi-siamo-473x1024-500x1082.jpg 500w, https:\/\/augustadamare.com\/wp-content\/uploads\/2023\/11\/chi-siamo-139x300.jpg 139w, https:\/\/augustadamare.com\/wp-content\/uploads\/2023\/11\/chi-siamo-473x1024.jpg 473w, https:\/\/augustadamare.com\/wp-content\/uploads\/2023\/11\/chi-siamo-768x1662.jpg 768w, https:\/\/augustadamare.com\/wp-content\/uploads\/2023\/11\/chi-siamo-710x1536.jpg 710w, https:\/\/augustadamare.com\/wp-content\/uploads\/2023\/11\/chi-siamo.jpg 924w\" sizes=\"(max-width: 500px) 100vw, 500px\" \/> <\/a>","_links":{"self":[{"href":"https:\/\/augustadamare.com\/index.php\/wp-json\/wp\/v2\/pages\/527","targetHints":{"allow":["GET"]}}],"collection":[{"href":"https:\/\/augustadamare.com\/index.php\/wp-json\/wp\/v2\/pages"}],"about":[{"href":"https:\/\/augustadamare.com\/index.php\/wp-json\/wp\/v2\/types\/page"}],"author":[{"embeddable":true,"href":"https:\/\/augustadamare.com\/index.php\/wp-json\/wp\/v2\/users\/2"}],"replies":[{"embeddable":true,"href":"https:\/\/augustadamare.com\/index.php\/wp-json\/wp\/v2\/comments?post=527"}],"version-history":[{"count":8,"href":"https:\/\/augustadamare.com\/index.php\/wp-json\/wp\/v2\/pages\/527\/revisions"}],"predecessor-version":[{"id":560,"href":"https:\/\/augustadamare.com\/index.php\/wp-json\/wp\/v2\/pages\/527\/revisions\/560"}],"wp:attachment":[{"href":"https:\/\/augustadamare.com\/index.php\/wp-json\/wp\/v2\/media?parent=527"}],"curies":[{"name":"wp","href":"https:\/\/api.w.org\/{rel}","templated":true}]}}